{"id":99,"date":"2023-06-10T23:58:22","date_gmt":"2023-06-10T21:58:22","guid":{"rendered":"https:\/\/sortekro.dk\/?page_id=99"},"modified":"2023-06-27T08:36:19","modified_gmt":"2023-06-27T06:36:19","slug":"karl-murray-mikkelsen","status":"publish","type":"page","link":"https:\/\/sortekro.dk\/?page_id=99","title":{"rendered":"Karl Murray Mikkelsen"},"content":{"rendered":"<p><strong>Karl Murray Mikkelsen<\/strong> , f\u00f8dt 17. feb. 1997 i \u00c5rhus, Sct. Pauls sogn.<\/p>\n<p>K\u00e6rester og bor sammen med <strong>Eszter Karmen Gal<\/strong> ,f\u00f8dt 4. april i 1999 i Budapest, Ungarn. Datter af Beatrix Hazi og Pater Gal, begge f\u00f8dt og bosiddende i Budapest, Ungarn.<\/p>\n<p>Karl er uddannet journalist fra Damnarks Medie- og Journalisth\u00f8jskole i Aarhus og arbejder med kommunikation og sociale medier i t\u00e6nketanken\u00a0 Cevea.<\/p>\n<p>Eszter er\u00a0 i gang med sit speciale p\u00e5 Aarhus Universitet og kan dermed snart kalde sig for cand.merc.\u00a0 Adresse pt. er i Valby.\u00a0 \u00a0(marts 23)<\/p>\n","protected":false},"excerpt":{"rendered":"<p>Karl Murray Mikkelsen , f\u00f8dt 17. feb. 1997 i \u00c5rhus, Sct. Pauls sogn. K\u00e6rester og bor sammen med Eszter Karmen Gal ,f\u00f8dt 4. april i 1999 i Budapest, Ungarn. Datter af Beatrix Hazi og Pater Gal, begge f\u00f8dt og bosiddende &hellip; <a href=\"https:\/\/sortekro.dk\/?page_id=99\">L\u00e6s resten <span class=\"meta-nav\">&rarr;<\/span><\/a><\/p>\n","protected":false},"author":1,"featured_media":0,"parent":70,"menu_order":0,"comment_status":"closed","ping_status":"closed","template":"","meta":{"ngg_post_thumbnail":0},"_links":{"self":[{"href":"https:\/\/sortekro.dk\/index.php?rest_route=\/wp\/v2\/pages\/99"}],"collection":[{"href":"https:\/\/sortekro.dk\/index.php?rest_route=\/wp\/v2\/pages"}],"about":[{"href":"https:\/\/sortekro.dk\/index.php?rest_route=\/wp\/v2\/types\/page"}],"author":[{"embeddable":true,"href":"https:\/\/sortekro.dk\/index.php?rest_route=\/wp\/v2\/users\/1"}],"replies":[{"embeddable":true,"href":"https:\/\/sortekro.dk\/index.php?rest_route=%2Fwp%2Fv2%2Fcomments&post=99"}],"version-history":[{"count":4,"href":"https:\/\/sortekro.dk\/index.php?rest_route=\/wp\/v2\/pages\/99\/revisions"}],"predecessor-version":[{"id":449,"href":"https:\/\/sortekro.dk\/index.php?rest_route=\/wp\/v2\/pages\/99\/revisions\/449"}],"up":[{"embeddable":true,"href":"https:\/\/sortekro.dk\/index.php?rest_route=\/wp\/v2\/pages\/70"}],"wp:attachment":[{"href":"https:\/\/sortekro.dk\/index.php?rest_route=%2Fwp%2Fv2%2Fmedia&parent=99"}],"curies":[{"name":"wp","href":"https:\/\/api.w.org\/{rel}","templated":true}]}}